{"id":1156,"date":"2024-03-09T11:42:57","date_gmt":"2024-03-09T10:42:57","guid":{"rendered":"https:\/\/www.centrosophia.eu\/web\/?page_id=1156"},"modified":"2024-03-09T12:05:03","modified_gmt":"2024-03-09T11:05:03","slug":"misurare-gesti","status":"publish","type":"page","link":"https:\/\/www.centrosophia.eu\/web\/index.php\/misurare-gesti\/","title":{"rendered":"Misurare Gesti"},"content":{"rendered":"\t\t<div data-elementor-type=\"wp-page\" data-elementor-id=\"1156\" class=\"elementor elementor-1156\" data-elementor-settings=\"[]\">\n\t\t\t\t\t\t<div class=\"elementor-inner\">\n\t\t\t\t\t\t\t<div class=\"elementor-section-wrap\">\n\t\t\t\t\t\t\t<section class=\"elementor-section elementor-top-section elementor-element elementor-element-21b24a0 elementor-section-boxed elementor-section-height-default elementor-section-height-default\" data-id=\"21b24a0\" data-element_type=\"section\">\n\t\t\t\t\t\t<div class=\"elementor-container elementor-column-gap-default\">\n\t\t\t\t\t\t\t<div class=\"elementor-row\">\n\t\t\t\t\t<div class=\"elementor-column elementor-col-100 elementor-top-column elementor-element elementor-element-585c89d\" data-id=\"585c89d\" data-element_type=\"column\">\n\t\t\t<div class=\"elementor-column-wrap elementor-element-populated\">\n\t\t\t\t\t\t\t<div class=\"elementor-widget-wrap\">\n\t\t\t\t\t\t<div class=\"elementor-element elementor-element-29e70ad elementor-widget elementor-widget-text-editor\" data-id=\"29e70ad\" data-element_type=\"widget\" data-widget_type=\"text-editor.default\">\n\t\t\t\t<div class=\"elementor-widget-container\">\n\t\t\t\t\t<div class=\"elementor-text-editor elementor-clearfix\"><h2 class=\"separator_off\"><a href=\"https:\/\/www.misuraregesti.it\/\">Misurare Gesti<\/a> \u00e8 il primo Living Lab in ambito Socioassistenziale Calabrese.<\/h2><\/div>\n\t\t\t\t<\/div>\n\t\t\t\t<\/div>\n\t\t\t\t<div class=\"elementor-element elementor-element-efa6eb2 elementor-widget elementor-widget-text-editor\" data-id=\"efa6eb2\" data-element_type=\"widget\" data-widget_type=\"text-editor.default\">\n\t\t\t\t<div class=\"elementor-widget-container\">\n\t\t\t\t\t<div class=\"elementor-text-editor elementor-clearfix\"><p>Misurare Gesti \u00e8 una sperimentazione di un modello innovativo socio-sanitario delle unit\u00e0 di rete assistenziale per il recepimento delle esigenze e per la gestione ed il supporto territoriale delle persone con bisogni socio-sanitari. Il progetto ha previsto la realizzazione di una PUA, porta unica di accesso che sia accessibile dai cittadini e consenta l&#8217;ingresso ai servizi socio-sanitari integrati. Il progetto \u00e8 stato realizzato dalla ATS composta da Webgenesys Spa, Sophia Srl, Universit\u00e0 degli Studi Magna Grecia Catanzaro.<\/p><\/div>\n\t\t\t\t<\/div>\n\t\t\t\t<\/div>\n\t\t\t\t\t\t<\/div>\n\t\t\t\t\t<\/div>\n\t\t<\/div>\n\t\t\t\t\t\t\t\t<\/div>\n\t\t\t\t\t<\/div>\n\t\t<\/section>\n\t\t\t\t<section class=\"elementor-section elementor-top-section elementor-element elementor-element-38290e8 elementor-section-boxed elementor-section-height-default elementor-section-height-default\" data-id=\"38290e8\" data-element_type=\"section\">\n\t\t\t\t\t\t<div class=\"elementor-container elementor-column-gap-default\">\n\t\t\t\t\t\t\t<div class=\"elementor-row\">\n\t\t\t\t\t<div class=\"elementor-column elementor-col-100 elementor-top-column elementor-element elementor-element-421a0a3\" data-id=\"421a0a3\" data-element_type=\"column\">\n\t\t\t<div class=\"elementor-column-wrap elementor-element-populated\">\n\t\t\t\t\t\t\t<div class=\"elementor-widget-wrap\">\n\t\t\t\t\t\t<div class=\"elementor-element elementor-element-e3ab133 elementor-widget elementor-widget-image\" data-id=\"e3ab133\" data-element_type=\"widget\" data-widget_type=\"image.default\">\n\t\t\t\t<div class=\"elementor-widget-container\">\n\t\t\t\t\t<div class=\"elementor-image\">\n\t\t\t\t\t\t\t\t\t\t<img width=\"741\" height=\"1024\" src=\"https:\/\/www.centrosophia.eu\/web\/wp-content\/uploads\/2024\/03\/poster-741x1024.png\" class=\"attachment-large size-large\" alt=\"\" loading=\"lazy\" srcset=\"https:\/\/www.centrosophia.eu\/web\/wp-content\/uploads\/2024\/03\/poster-741x1024.png 741w, https:\/\/www.centrosophia.eu\/web\/wp-content\/uploads\/2024\/03\/poster-217x300.png 217w, https:\/\/www.centrosophia.eu\/web\/wp-content\/uploads\/2024\/03\/poster-768x1061.png 768w, https:\/\/www.centrosophia.eu\/web\/wp-content\/uploads\/2024\/03\/poster-1112x1536.png 1112w, https:\/\/www.centrosophia.eu\/web\/wp-content\/uploads\/2024\/03\/poster-1483x2048.png 1483w\" sizes=\"(max-width: 741px) 100vw, 741px\" \/>\t\t\t\t\t\t\t\t\t\t\t<\/div>\n\t\t\t\t<\/div>\n\t\t\t\t<\/div>\n\t\t\t\t\t\t<\/div>\n\t\t\t\t\t<\/div>\n\t\t<\/div>\n\t\t\t\t\t\t\t\t<\/div>\n\t\t\t\t\t<\/div>\n\t\t<\/section>\n\t\t\t\t\t\t<\/div>\n\t\t\t\t\t\t<\/div>\n\t\t\t\t\t<\/div>\n\t\t","protected":false},"excerpt":{"rendered":"<p>Misurare Gesti \u00e8 il primo Living Lab in ambito Socioassistenziale Calabrese. Misurare Gesti \u00e8 una sperimentazione di un modello innovativo socio-sanitario delle unit\u00e0 di rete assistenziale per il recepimento delle esigenze e per la gestione ed il supporto territoriale delle persone con bisogni socio-sanitari. Il progetto ha previsto la realizzazione di una PUA, porta unica di accesso che sia accessibile dai cittadini e consenta l&#8217;ingresso ai servizi socio-sanitari integrati. Il progetto \u00e8 stato realizzato dalla ATS composta da Webgenesys Spa, Sophia Srl, Universit\u00e0 degli Studi Magna Grecia Catanzaro.<\/p>\n","protected":false},"author":1,"featured_media":0,"parent":0,"menu_order":0,"comment_status":"closed","ping_status":"closed","template":"","meta":[],"_links":{"self":[{"href":"https:\/\/www.centrosophia.eu\/web\/index.php\/wp-json\/wp\/v2\/pages\/1156"}],"collection":[{"href":"https:\/\/www.centrosophia.eu\/web\/index.php\/wp-json\/wp\/v2\/pages"}],"about":[{"href":"https:\/\/www.centrosophia.eu\/web\/index.php\/wp-json\/wp\/v2\/types\/page"}],"author":[{"embeddable":true,"href":"https:\/\/www.centrosophia.eu\/web\/index.php\/wp-json\/wp\/v2\/users\/1"}],"replies":[{"embeddable":true,"href":"https:\/\/www.centrosophia.eu\/web\/index.php\/wp-json\/wp\/v2\/comments?post=1156"}],"version-history":[{"count":8,"href":"https:\/\/www.centrosophia.eu\/web\/index.php\/wp-json\/wp\/v2\/pages\/1156\/revisions"}],"predecessor-version":[{"id":1172,"href":"https:\/\/www.centrosophia.eu\/web\/index.php\/wp-json\/wp\/v2\/pages\/1156\/revisions\/1172"}],"wp:attachment":[{"href":"https:\/\/www.centrosophia.eu\/web\/index.php\/wp-json\/wp\/v2\/media?parent=1156"}],"curies":[{"name":"wp","href":"https:\/\/api.w.org\/{rel}","templated":true}]}}